{"id":257,"date":"2016-11-02T12:34:41","date_gmt":"2016-11-02T12:34:41","guid":{"rendered":"http:\/\/l4h.ruhwandl.de\/?page_id=257"},"modified":"2020-09-28T10:52:27","modified_gmt":"2020-09-28T10:52:27","slug":"news","status":"publish","type":"page","link":"http:\/\/l4h.ruhwandl.de\/?page_id=257","title":{"rendered":"News"},"content":{"rendered":"\n<p><\/p>\n\n\n<div id=\"pl-gb257-69f2a12b470c6\"  class=\"panel-layout\" ><div id=\"pg-gb257-69f2a12b470c6-0\"  class=\"panel-grid panel-no-style\" ><div id=\"pgc-gb257-69f2a12b470c6-0-0\"  class=\"panel-grid-cell\" ><div id=\"panel-gb257-69f2a12b470c6-0-0-0\" class=\"so-panel widget widget_black-studio-tinymce widget_black_studio_tinymce panel-first-child panel-last-child\" data-index=\"0\" ><h3 class=\"widget-title\">Schluss mit dem schlechten Gewissen  Wer sich f\u00fcr alles pers\u00f6nlich verantwortlich f\u00fchlt, l\u00e4uft Gefahr, aus \u00dcberforderung krank zu werden. Berliner Akzente gibt f\u00fcnf Tipps, wie man der Zust\u00e4ndigkeitsfalle entkommt. <\/h3><div class=\"textwidget\"><p><a href=\"https:\/\/www.berliner-akzente.de\/job_karriere\/verantwortung-im-job-abgeben-96760.php\" target=\"_blank\" rel=\"noopener\">Verantwortung im Job abgeben &#8211; Berliner Akzente<\/a><\/p>\n<\/div><\/div><\/div><\/div><\/div>\n\n\n<p><\/p>\n\n\n\n<div class=\"wp-block-image\"><figure class=\"alignleft\"><a href=\"https:\/\/www.klett-cotta.de\/buch\/Beratung_und_Supervision\/Vom_Glueck_Verantwortung_zu_teilen\/101201\" target=\"_blank\" rel=\"noreferrer noopener\"><img decoding=\"async\" loading=\"lazy\" width=\"193\" height=\"300\" src=\"http:\/\/l4h.ruhwandl.de\/wp-content\/uploads\/2019\/01\/Ruhwandl_VomGlueckVerantwortungzuteilen-193x300.jpg\" alt=\"Vom Gl\u00fcck, Verantwortung zu teilen\" class=\"wp-image-477\" srcset=\"http:\/\/l4h.ruhwandl.de\/wp-content\/uploads\/2019\/01\/Ruhwandl_VomGlueckVerantwortungzuteilen-193x300.jpg 193w, http:\/\/l4h.ruhwandl.de\/wp-content\/uploads\/2019\/01\/Ruhwandl_VomGlueckVerantwortungzuteilen-768x1195.jpg 768w, http:\/\/l4h.ruhwandl.de\/wp-content\/uploads\/2019\/01\/Ruhwandl_VomGlueckVerantwortungzuteilen-658x1024.jpg 658w, http:\/\/l4h.ruhwandl.de\/wp-content\/uploads\/2019\/01\/Ruhwandl_VomGlueckVerantwortungzuteilen-300x467.jpg 300w, http:\/\/l4h.ruhwandl.de\/wp-content\/uploads\/2019\/01\/Ruhwandl_VomGlueckVerantwortungzuteilen.jpg 1594w\" sizes=\"(max-width: 193px) 100vw, 193px\" \/><\/a><figcaption>Schluss mit dem schlechten Gewissen! Wer sich f\u00fcr alles und jeden verantwortlich f\u00fchlt, l\u00e4uft Gefahr, eines Tages aus \u00dcberforderung krank zu werden. Das Buch vermittelt die psychologischen Zusammenh\u00e4nge der Selbst\u00fcberforderung und zeigt an Beispielen und mit \u00dcbungen, wie Betroffene lernen, Verantwortung zu teilen.<\/figcaption><\/figure><\/div>\n","protected":false},"excerpt":{"rendered":"","protected":false},"author":1,"featured_media":0,"parent":0,"menu_order":0,"comment_status":"closed","ping_status":"closed","template":"full-width-page.php","meta":[],"_links":{"self":[{"href":"http:\/\/l4h.ruhwandl.de\/index.php?rest_route=\/wp\/v2\/pages\/257"}],"collection":[{"href":"http:\/\/l4h.ruhwandl.de\/index.php?rest_route=\/wp\/v2\/pages"}],"about":[{"href":"http:\/\/l4h.ruhwandl.de\/index.php?rest_route=\/wp\/v2\/types\/page"}],"author":[{"embeddable":true,"href":"http:\/\/l4h.ruhwandl.de\/index.php?rest_route=\/wp\/v2\/users\/1"}],"replies":[{"embeddable":true,"href":"http:\/\/l4h.ruhwandl.de\/index.php?rest_route=%2Fwp%2Fv2%2Fcomments&post=257"}],"version-history":[{"count":7,"href":"http:\/\/l4h.ruhwandl.de\/index.php?rest_route=\/wp\/v2\/pages\/257\/revisions"}],"predecessor-version":[{"id":764,"href":"http:\/\/l4h.ruhwandl.de\/index.php?rest_route=\/wp\/v2\/pages\/257\/revisions\/764"}],"wp:attachment":[{"href":"http:\/\/l4h.ruhwandl.de\/index.php?rest_route=%2Fwp%2Fv2%2Fmedia&parent=257"}],"curies":[{"name":"wp","href":"https:\/\/api.w.org\/{rel}","templated":true}]}}

<p></p>


<div id="pl-gb257-69f2a12b470c6"  class="panel-layout" ><div id="pg-gb257-69f2a12b470c6-0"  class="panel-grid panel-no-style" ><div id="pgc-gb257-69f2a12b470c6-0-0"  class="panel-grid-cell" ><div id="panel-gb257-69f2a12b470c6-0-0-0" class="so-panel widget widget_black-studio-tinymce widget_black_studio_tinymce panel-first-child panel-last-child" data-index="0" ><h3 class="widget-title">Schluss mit dem schlechten Gewissen  Wer sich für alles persönlich verantwortlich fühlt, läuft Gefahr, aus Überforderung krank zu werden. Berliner Akzente gibt fünf Tipps, wie man der Zuständigkeitsfalle entkommt. </h3><div class="textwidget"><p><a href="https://www.berliner-akzente.de/job_karriere/verantwortung-im-job-abgeben-96760.php" target="_blank" rel="noopener">Verantwortung im Job abgeben &#8211; Berliner Akzente</a></p>
</div></div></div></div></div>


<p></p>



<div class="wp-block-image"><figure class="alignleft"><a href="https://www.klett-cotta.de/buch/Beratung_und_Supervision/Vom_Glueck_Verantwortung_zu_teilen/101201" target="_blank" rel="noreferrer noopener"><img decoding="async" loading="lazy" width="193" height="300" src="http://l4h.ruhwandl.de/wp-content/uploads/2019/01/Ruhwandl_VomGlueckVerantwortungzuteilen-193x300.jpg" alt="Vom Glück, Verantwortung zu teilen" class="wp-image-477" srcset="http://l4h.ruhwandl.de/wp-content/uploads/2019/01/Ruhwandl_VomGlueckVerantwortungzuteilen-193x300.jpg 193w, http://l4h.ruhwandl.de/wp-content/uploads/2019/01/Ruhwandl_VomGlueckVerantwortungzuteilen-768x1195.jpg 768w, http://l4h.ruhwandl.de/wp-content/uploads/2019/01/Ruhwandl_VomGlueckVerantwortungzuteilen-658x1024.jpg 658w, http://l4h.ruhwandl.de/wp-content/uploads/2019/01/Ruhwandl_VomGlueckVerantwortungzuteilen-300x467.jpg 300w, http://l4h.ruhwandl.de/wp-content/uploads/2019/01/Ruhwandl_VomGlueckVerantwortungzuteilen.jpg 1594w" sizes="(max-width: 193px) 100vw, 193px" /></a><figcaption>Schluss mit dem schlechten Gewissen! Wer sich für alles und jeden verantwortlich fühlt, läuft Gefahr, eines Tages aus Überforderung krank zu werden. Das Buch vermittelt die psychologischen Zusammenhänge der Selbstüberforderung und zeigt an Beispielen und mit Übungen, wie Betroffene lernen, Verantwortung zu teilen.</figcaption></figure></div>
